{"id":657,"date":"2025-05-26T11:44:00","date_gmt":"2025-05-26T09:44:00","guid":{"rendered":"https:\/\/www.kr360digital.com\/?page_id=657"},"modified":"2025-05-26T11:45:22","modified_gmt":"2025-05-26T09:45:22","slug":"politica-de-cookies","status":"publish","type":"page","link":"https:\/\/www.kr360digital.com\/index.php\/politica-de-cookies\/","title":{"rendered":"Pol\u00edtica de Cookies"},"content":{"rendered":"\t\t<div data-elementor-type=\"wp-page\" data-elementor-id=\"657\" class=\"elementor elementor-657\" data-elementor-post-type=\"page\">\n\t\t\t\t<div class=\"elementor-element elementor-element-b4b5495 e-flex e-con-boxed e-con e-parent\" data-id=\"b4b5495\" data-element_type=\"container\">\n\t\t\t\t\t<div class=\"e-con-inner\">\n\t\t\t\t<div class=\"elementor-element elementor-element-bc0bd5a elementor-widget elementor-widget-spacer\" data-id=\"bc0bd5a\" data-element_type=\"widget\" data-widget_type=\"spacer.default\">\n\t\t\t\t<div class=\"elementor-widget-container\">\n\t\t\t\t\t\t\t<div class=\"elementor-spacer\">\n\t\t\t<div class=\"elementor-spacer-inner\"><\/div>\n\t\t<\/div>\n\t\t\t\t\t\t<\/div>\n\t\t\t\t<\/div>\n\t\t\t\t<div class=\"elementor-element elementor-element-4a46028 elementor-widget elementor-widget-text-editor\" data-id=\"4a46028\" data-element_type=\"widget\" data-widget_type=\"text-editor.default\">\n\t\t\t\t<div class=\"elementor-widget-container\">\n\t\t\t\t\t\t\t\t\t<h1 data-pm-slice=\"1 1 []\"><strong>Pol\u00edtica de Cookies<\/strong><\/h1><p data-pm-slice=\"1 1 []\"><strong>Pol\u00edtica de Cookies<\/strong><\/p><p><strong>1. Uso de Cookies<\/strong><br \/>Este sitio web utiliza cookies propias y de terceros para mejorar la experiencia de navegaci\u00f3n y realizar an\u00e1lisis estad\u00edsticos del uso del sitio.<\/p><p><strong>2. Tipos de Cookies Utilizadas<\/strong><\/p><ul data-spread=\"false\"><li><p><strong>Cookies t\u00e9cnicas<\/strong>: esenciales para el funcionamiento del sitio, gestionadas por WordPress y Elementor.<\/p><\/li><li><p><strong>Cookies anal\u00edticas<\/strong>: gestionadas a trav\u00e9s de Google Analytics para analizar el comportamiento del usuario de forma agregada y an\u00f3nima.<\/p><\/li><\/ul><p><strong>3. No se utilizan cookies publicitarias<\/strong> ni de remarketing.<\/p><p><strong>4. Consentimiento y Configuraci\u00f3n<\/strong><br \/>El usuario puede aceptar, rechazar o configurar las cookies mediante el plugin de consentimiento \u00abGDPR Cookie Compliance\u00bb desarrollado por Moove Agency, disponible en el sitio.<\/p><p><strong>5. Desactivaci\u00f3n desde el Navegador<\/strong><br \/>El usuario puede configurar su navegador para bloquear o eliminar cookies. Para m\u00e1s informaci\u00f3n, consulte las opciones de privacidad de su navegador.<\/p><p><strong>6. Contacto<\/strong><br \/>Para cualquier duda sobre nuestra pol\u00edtica de cookies, puede escribirnos a: <a>rla@kr360digital.com<\/a><\/p>\t\t\t\t\t\t\t\t<\/div>\n\t\t\t\t<\/div>\n\t\t\t\t<div class=\"elementor-element elementor-element-33ebdb8 elementor-widget elementor-widget-spacer\" data-id=\"33ebdb8\" data-element_type=\"widget\" data-widget_type=\"spacer.default\">\n\t\t\t\t<div class=\"elementor-widget-container\">\n\t\t\t\t\t\t\t<div class=\"elementor-spacer\">\n\t\t\t<div class=\"elementor-spacer-inner\"><\/div>\n\t\t<\/div>\n\t\t\t\t\t\t<\/div>\n\t\t\t\t<\/div>\n\t\t\t\t\t<\/div>\n\t\t\t\t<\/div>\n\t\t\t\t<\/div>\n\t\t","protected":false},"excerpt":{"rendered":"<p>Pol\u00edtica de Cookies Pol\u00edtica de Cookies 1. Uso de CookiesEste sitio web utiliza cookies propias y de terceros para mejorar la experiencia de navegaci\u00f3n y realizar an\u00e1lisis estad\u00edsticos del uso del sitio. 2. Tipos de Cookies Utilizadas Cookies t\u00e9cnicas: esenciales para el funcionamiento del sitio, gestionadas por WordPress y Elementor. Cookies anal\u00edticas: gestionadas a trav\u00e9s [&hellip;]<\/p>\n","protected":false},"author":1,"featured_media":0,"parent":0,"menu_order":0,"comment_status":"closed","ping_status":"closed","template":"","meta":{"footnotes":""},"class_list":["post-657","page","type-page","status-publish","hentry"],"_links":{"self":[{"href":"https:\/\/www.kr360digital.com\/index.php\/wp-json\/wp\/v2\/pages\/657","targetHints":{"allow":["GET"]}}],"collection":[{"href":"https:\/\/www.kr360digital.com\/index.php\/wp-json\/wp\/v2\/pages"}],"about":[{"href":"https:\/\/www.kr360digital.com\/index.php\/wp-json\/wp\/v2\/types\/page"}],"author":[{"embeddable":true,"href":"https:\/\/www.kr360digital.com\/index.php\/wp-json\/wp\/v2\/users\/1"}],"replies":[{"embeddable":true,"href":"https:\/\/www.kr360digital.com\/index.php\/wp-json\/wp\/v2\/comments?post=657"}],"version-history":[{"count":4,"href":"https:\/\/www.kr360digital.com\/index.php\/wp-json\/wp\/v2\/pages\/657\/revisions"}],"predecessor-version":[{"id":661,"href":"https:\/\/www.kr360digital.com\/index.php\/wp-json\/wp\/v2\/pages\/657\/revisions\/661"}],"wp:attachment":[{"href":"https:\/\/www.kr360digital.com\/index.php\/wp-json\/wp\/v2\/media?parent=657"}],"curies":[{"name":"wp","href":"https:\/\/api.w.org\/{rel}","templated":true}]}}