{"id":648,"date":"2025-05-26T11:37:41","date_gmt":"2025-05-26T09:37:41","guid":{"rendered":"https:\/\/www.kr360digital.com\/?page_id=648"},"modified":"2025-05-26T11:42:02","modified_gmt":"2025-05-26T09:42:02","slug":"terminos-y-condiciones","status":"publish","type":"page","link":"https:\/\/www.kr360digital.com\/index.php\/terminos-y-condiciones\/","title":{"rendered":"T\u00e9rminos y Condiciones"},"content":{"rendered":"\t\t<div data-elementor-type=\"wp-page\" data-elementor-id=\"648\" class=\"elementor elementor-648\" data-elementor-post-type=\"page\">\n\t\t\t\t<div class=\"elementor-element elementor-element-96311c0 e-flex e-con-boxed e-con e-parent\" data-id=\"96311c0\" data-element_type=\"container\">\n\t\t\t\t\t<div class=\"e-con-inner\">\n\t\t\t\t<div class=\"elementor-element elementor-element-182f2a5 elementor-widget elementor-widget-spacer\" data-id=\"182f2a5\" data-element_type=\"widget\" data-widget_type=\"spacer.default\">\n\t\t\t\t<div class=\"elementor-widget-container\">\n\t\t\t\t\t\t\t<div class=\"elementor-spacer\">\n\t\t\t<div class=\"elementor-spacer-inner\"><\/div>\n\t\t<\/div>\n\t\t\t\t\t\t<\/div>\n\t\t\t\t<\/div>\n\t\t\t\t<div class=\"elementor-element elementor-element-4b58e65 elementor-widget elementor-widget-text-editor\" data-id=\"4b58e65\" data-element_type=\"widget\" data-widget_type=\"text-editor.default\">\n\t\t\t\t<div class=\"elementor-widget-container\">\n\t\t\t\t\t\t\t\t\t<h1 data-pm-slice=\"1 1 []\"><strong>T\u00e9rminos y Condiciones de Servicio<\/strong><\/h1><p><strong>1. Informaci\u00f3n General<\/strong><br \/>KR360 Digital Services LLC, con domicilio en 7901 4TH ST N STE 300, ST PETERSBURG FL 33702 (en adelante, \u00abla empresa\u00bb), presta servicios de marketing digital, dise\u00f1o gr\u00e1fico, estrategia de redes sociales, posicionamiento SEO y monetizaci\u00f3n de comunidades digitales.<\/p><p><strong>2. Aceptaci\u00f3n de los T\u00e9rminos<\/strong><br \/>El acceso y uso del sitio web implica la aceptaci\u00f3n plena y sin reservas de las presentes condiciones generales.<\/p><p><strong>3. Naturaleza de los Servicios<\/strong><br \/>Todos los servicios ofertados requieren un presupuesto personalizado, el cual se comunica mediante los canales establecidos (correo electr\u00f3nico o Telegram). No se permite la contrataci\u00f3n directa ni la recopilaci\u00f3n de datos mediante formularios en la web.<\/p><p><strong>4. Edad y Jurisdicci\u00f3n<\/strong><br \/>Los servicios est\u00e1n dirigidos exclusivamente a personas mayores de 18 a\u00f1os, sin restricci\u00f3n geogr\u00e1fica.<\/p><p><strong>5. Cancelaciones y Reembolsos<\/strong><br \/>(Condiciones espec\u00edficas por definir. Esta secci\u00f3n se actualizar\u00e1 una vez se establezca una pol\u00edtica concreta).<\/p><p><strong>6. Contacto<\/strong><br \/>Para cualquier consulta sobre estos t\u00e9rminos, puede contactarnos en: <a>rla@kr360digital.com<\/a><\/p>\t\t\t\t\t\t\t\t<\/div>\n\t\t\t\t<\/div>\n\t\t\t\t<div class=\"elementor-element elementor-element-fb47ae2 elementor-widget elementor-widget-spacer\" data-id=\"fb47ae2\" data-element_type=\"widget\" data-widget_type=\"spacer.default\">\n\t\t\t\t<div class=\"elementor-widget-container\">\n\t\t\t\t\t\t\t<div class=\"elementor-spacer\">\n\t\t\t<div class=\"elementor-spacer-inner\"><\/div>\n\t\t<\/div>\n\t\t\t\t\t\t<\/div>\n\t\t\t\t<\/div>\n\t\t\t\t\t<\/div>\n\t\t\t\t<\/div>\n\t\t\t\t<\/div>\n\t\t","protected":false},"excerpt":{"rendered":"<p>T\u00e9rminos y Condiciones de Servicio 1. Informaci\u00f3n GeneralKR360 Digital Services LLC, con domicilio en 7901 4TH ST N STE 300, ST PETERSBURG FL 33702 (en adelante, \u00abla empresa\u00bb), presta servicios de marketing digital, dise\u00f1o gr\u00e1fico, estrategia de redes sociales, posicionamiento SEO y monetizaci\u00f3n de comunidades digitales. 2. Aceptaci\u00f3n de los T\u00e9rminosEl acceso y uso del [&hellip;]<\/p>\n","protected":false},"author":1,"featured_media":0,"parent":0,"menu_order":0,"comment_status":"closed","ping_status":"closed","template":"","meta":{"footnotes":""},"class_list":["post-648","page","type-page","status-publish","hentry"],"_links":{"self":[{"href":"https:\/\/www.kr360digital.com\/index.php\/wp-json\/wp\/v2\/pages\/648","targetHints":{"allow":["GET"]}}],"collection":[{"href":"https:\/\/www.kr360digital.com\/index.php\/wp-json\/wp\/v2\/pages"}],"about":[{"href":"https:\/\/www.kr360digital.com\/index.php\/wp-json\/wp\/v2\/types\/page"}],"author":[{"embeddable":true,"href":"https:\/\/www.kr360digital.com\/index.php\/wp-json\/wp\/v2\/users\/1"}],"replies":[{"embeddable":true,"href":"https:\/\/www.kr360digital.com\/index.php\/wp-json\/wp\/v2\/comments?post=648"}],"version-history":[{"count":7,"href":"https:\/\/www.kr360digital.com\/index.php\/wp-json\/wp\/v2\/pages\/648\/revisions"}],"predecessor-version":[{"id":655,"href":"https:\/\/www.kr360digital.com\/index.php\/wp-json\/wp\/v2\/pages\/648\/revisions\/655"}],"wp:attachment":[{"href":"https:\/\/www.kr360digital.com\/index.php\/wp-json\/wp\/v2\/media?parent=648"}],"curies":[{"name":"wp","href":"https:\/\/api.w.org\/{rel}","templated":true}]}}